te?
False
Suppose -135*x = -131*x - 6092. Is x a prime number?
True
Let s = 272 + -148. Let y be 7*(0 + s/4). Suppose -3*h + y = -452. Is h a composite number?
False
Is (4 - 2) + (-2813)/(-1) a prime number?
False
Let f be (24/(-4) - -15)/(-1 - -2). Is (15/f - 2)/((-9)/999) a prime number?
True
Let h(z) = z**2 - 12. Suppose -20 = m + m. Let b = m - -1. Is h(b) a composite number?
True
Is -5*(36/(-20) - -2)*-2761 a prime number?
False
Let a(r) = r**2 - 5*r - 4. Let x be a(6). Suppose 4*z - 158 = x*z. Is z composite?
False
Let n be (4 + -1)*(6 - 5) - 16. Let l be (1*23)/(6 + -7). Let q = n - l. Is q a composite number?
True
Suppose -2*m + 77691 + 1139 = 4*n, -3*n - m + 59124 = 0. Is n composite?
False
Let n be (144/(-28))/(3/(-266)). Let j = -125 + n. Is j composite?
False
Suppose -3*q + 33139 = 6241. Is q/14 - (-4)/7 prime?
True
Is 16/(-20)*(-3585)/6 prime?
False
Is -7 + (4192 - 40/5) a composite number?
False
Let v(u) = -u**2 - 19*u - 84. Let l be v(-13). Suppose z + 5*j = 5*z - 5662, -2836 = -2*z + 5*j. Is ((-2)/l)/(3/z) prime?
True
Let k(o) be the third derivative of o**6/144 - o**5/12 + o**4/4 + 5*o**2. Let f(q) be the second derivative of k(q). Is f(7) prime?
False
Let f be (-7)/(2 + 0 + -3). Let t be ((-10)/(-20))/(2/8). Suppose -f*a + 215 = -t*a. Is a a composite number?
False
Let m(w) = 6*w**2 + 24*w**2 + 10 + 0 + 6*w. Let a be m(-5). Let h = -351 + a. Is h a prime number?
True
Let s be (-11 - -1)/(0 + 1). Let n = s - -13. Suppose -5*b + 32 = r - n*b, r = -4*b + 26. Is r a prime number?
False
Let k be 2/6 - (-143)/(-33). Is 808 + (-5 - k) + 2 composite?
False
Let k(r) = -r**3 + 13*r**2 - 13*r + 18. Let c be k(12). Suppose -7*f + 10088 = -19137. Suppose 11201 = c*t + f. Is t a composite number?
False
Suppose -830*j + 840*j - 81910 = 0. Is j a prime number?
True
Let j(c) be the first derivative of 17*c**5/120 - c**4/8 + c**3 - 12. Let q(o) be the third derivative of j(o). Is q(4) composite?
True
Let l = -4 - -8. Suppose 4*f + 852 = -0*c + 2*c, l*c = -8. Let n = f - -399. Is n composite?
True
Suppose 49*z = 27*z + 105886. Is z composite?
False
Let t(r) = r. Let f(s) = 48*s - 34. Let h(y) = -f(y) + 5*t(y). Is h(-15) a composite number?
True
Let g(m) = 663*m. Let h be g(8). Let x = -3345 + h. Is x a prime number?
False
Is -659*(3 + (-6 + 8 - 6)) prime?
True
Suppose -2*n + 11596 + 15390 = -4*u, 4*n - 53939 = -3*u. Is n composite?
False
Is 34*-523*10/(-20) prime?
False
Suppose c - 1338 = -c - 4*x, 1346 = 2*c + 2*x. Suppose j - 2*j + c = 0. Is j a composite number?
False
Let u(g) = 6 + g - 7 - g - 3*g + 15*g**2. Is u(-4) a prime number?
True
Suppose -2*d = -7*d + 30. Suppose -g + d*f = 2*f - 356, 5*f - 1119 = -3*g. Suppose -1258 = -5*b - g. Is b prime?
False
Is (-2)/13 - (-1684152)/351 composite?
True
Suppose 2*t = k - 9915 - 26924, -2*t - 110505 = -3*k. Is k composite?
False
Suppose 0 = 13*i - 47109 + 8954. Is i a prime number?
False
Suppose -435*h + 7510 = -430*h. Is h a prime number?
False
Let a(w) = 28902*w**3 - 3*w**2 + 2. Is a(1) a composite number?
False
Suppose n + 61 = 5*r, 4*n - 56 = 2*r - 7*r. Let g(q) = 4*q**2 - 16*q - 5. Is g(r) a prime number?
True
Let z = -12 - -4. Let v(h) = h**3 - 3*h**2 - 3*h + 2. Let j be v(z). Let i = 1219 + j. Is i prime?
True
Let j = -17819 + 32104. Is j prime?
False
Let x be (-23)/4*(7 - -1). Let z = x + 81. Is z prime?
False
Suppose 5*v + 5*l - 2233 = l, l = 3*v - 1350. Suppose -13*z = -14*z + v. Is z a composite number?
False
Let o be (18/(-10))/(15/75). Is 10 + o - 222/(-1) a composite number?
False
Is 2/(-15) - (-35599749)/855 composite?
True
Let k = -39 + 54. Suppose -9*c - 13146 = -k*c. Is c a composite number?
True
Is (9/((-243)/5274))/((-2)/111) prime?
False
Let b(j) = -86*j - 5. Let k be b(-6). Suppose p - 32 + 13 = -3*f, -f - p = -9. Suppose n - 4*a + 0*a = k, n - 509 = f*a. Is n a prime number?
False
Let s = 14 - 14. Suppose 4*z + 4*d - 5932 = s, 4*d - 5934 = -4*z - d. Is z prime?
True
Suppose -3*c - c + 5*t + 2481 = 0, -4*t + 1822 = 3*c. Suppose -2*v = -l + c + 39, -4*l + 5*v + 2618 = 0. Suppose 1890 + l = 3*f. Is f a composite number?
True
Let w = -89 - -87. Is (w/(-2))/(1/1679) composite?
True
Is (-463624)/(-34) - (1 - 10) prime?
False
Suppose 4*q + 13545 = 5*c, 3*c = 8*c - 5*q - 13550. Is c a prime number?
False
Let a(w) = w**3 + 23*w**2 + 3*w - 122. Is a(19) composite?
True
Suppose -520 - 1387 = -z. Suppose -3*h = -z - 340. Is h prime?
False
Let l(d) = 4*d**3 + 8*d**2 - 5*d - 1. Let s(k) = -11*k**3 - 23*k**2 + 15*k + 3. Let a(x) = -8*l(x) - 3*s(x). Let p be a(-5). Suppose -t + p = -43. Is t prime?
True
Is -14698*(6 + -11 + 4) a prime number?
False
Let g(o) = -o**3 - 16*o**2 - 16*o - 45. Is g(-16) prime?
True
Is 4/10 + 36243/5 a prime number?
False
Is (-1)/(-4)*-5*-4 - -14414 prime?
True
Let d(l) = l**3 - 11*l**2 - 3*l + 6. Let u be d(9). Let k = 334 - 656. Let v = u - k. Is v composite?
False
Let q = 10 + -7. Suppose p = 3*v - 2*p - 6, q*v - p = 6. Suppose -a + 179 = -2*r, -2*a - v*a + 716 = 3*r. Is a a composite number?
False
Let j be ((-5)/3)/(3/9). Let c(k) = k**3 + 5*k**2 + 5. Let b be c(j). Suppose -4*t + 0*t + b*r + 182 = 0, -r - 174 = -4*t. Is t prime?
True
Is 36700/(-40)*(-14)/5 prime?
False
Let l = 21 - 29. Let r(h) = 7*h**2 - 7*h + 10. Let w be r(l). Suppose 0*g = 2*g - w. Is g composite?
False
Let n be 3/(-15) - (-75361)/5. Suppose -13162 = -4*s + 2*k, 5*k - 1925 = 4*s - n. Is s a prime number?
False
Suppose 3*l = 772 + 1076. Let c = 869 - l. Suppose 3*t + c = 4*q, -2*q + 196 = q - t. Is q prime?
True
Let d be 3/((-3)/5)*-5. Suppose 3*v + d = 331. Suppose 441 = 3*c - v. Is c a composite number?
False
Let h = 15 + -11. Let l = h + -3. Let v(q) = 294*q**3 + q**2 - q + 1. Is v(l) a composite number?
True
Let r = -239 - -337. Suppose 362 = 2*b - 188. Let o = b - r. Is o a prime number?
False
Is 2*(-7)/(-28)*4406 a prime number?
True
Let b(a) = -a**3 + 6*a**2 + 7*a + 4. Let s be b(7). Suppose -2*v + s*z = 3*v + 7, -2*v - z = -5. Is -93*(v - (-10)/(-3)) a composite number?
True
Is (-2)/16 + (-36171)/(-24) composite?
True
Let f = -10349 + 17632. Is f a prime number?
True
Suppose 5*u = -20*u + 17525. Is u composite?
False
Suppose 32672 = 17*l - 20351. Is l composite?
False
Let w(b) = -17278*b - 267. Is w(-8) a composite number?
False
Let p(x) = -7*x**2 - 6*x - 8. Let f be p(-3). Let b = 360 + f. Is b a composite number?
False
Is 907152/120*(-5)/(-2) a prime number?
True
Let l(x) = -79*x**3 + 4*x + 37. Is l(-6) a prime number?
True
Let d = 1567 + 4480. Is d prime?
True
Let f(w) = 7*w**2 - 21*w + 1. Is f(14) a prime number?
False
Let l(y) = y + 18. Let o be l(-9). Suppose -o = 3*m, -m = -6*f + 2*f + 115. Is 236/7 + 8/f composite?
True
Suppose 58 = 3*j - 1232. Suppose 902 - 74 = 4*s. Let q = j - s. Is q prime?
True
Suppose -3*m - 260 = -m. Let b = 17 - m. Let a = -82 + b. Is a composite?
True
Let z(r) = 11*r. Let q be z(3). Suppose 4*o - 40 = 8*o. Let w = q + o. Is w composite?
False
Let i(c) = 5*c + 2*c**2 - 2*c + 2 + 24*c**3 - 25*c**3 + 0*c**2. Let g be i(-2). Is -3*((-340)/g - -2) prime?
True
Suppose -k + 3 = -4*d, -4*k + 2*d = -0*d + 2. Let z be 367/(-4) - k/(-4). Let c = z + 379. Is c a prime number?
False
Suppose 405 = f - 290. Suppose m - 224 = f. Is m a composite number?
False
Let f(z) = -z**3 + 15*z**2 + 24*z - 7. Is f(-12) a composite number?
False
Let k(u) be the second derivative of -u**3/6 + 13*u**2/2 + 2*u. Let i be k(13). Suppose -3*s - 3*a = 362 - 1499, 2*a + 4 = i. Is s a composite number?
True
Let n(f) = -f**3 + 10*f**2 - f - 2. Let t be n(10). Let b be 10/t*2*-3. Suppose -b*q + 1130 = -1785. Is q composite?
True
Suppose -6 + 12 = 2*n. Let f be (-1)/(-3) - (-8)/n. Suppose 0 = -2*m + 5*m + f*y - 111, 2*m - 2*y = 66. Is m a composite number?
True
Suppose 5*j = -4*h + 8821, -7048 = 3*j - 7*j - h. Is j a composite number?
True
Let c be 1/((-15)/6)*-15. Suppose 5*g = c*g. Is -4 + 4 - (-419 + g) prime?
True
Is 76540728/792 - ((-1)/(-3) - 1) prime?
True
Let a = 1 - -4. Suppose -3*w - 457 + 4846 = 0. Suppose a*x - w = 1602. Is x a composite number?
False
Suppose -3*h + 6526 = 4*a, -5*h = 8*a - 7*a - 1623. Is a composite?
True
Let a = -3005 - -12388. Is a composite?
True
Let m be -5*(-10)/25 - -1. Suppose v - 576 = 3*u - m*v, 2*u + 4*v + 404 = 0. Let a = u - -515. Is a a prim